 of 2008517943?
3, 59, 11347559
List the prime factors of 81344958.
2, 3, 13557493
What are the prime factors of 198086364?
2, 3, 7, 59, 4441
List the prime factors of 4232357969.
7, 383, 947, 1667
What are the prime factors of 289206452?
2, 137, 527749
What are the prime factors of 101760933?
3, 33920311
What are the prime factors of 3141874767?
3, 179, 5850791
What are the prime factors of 1818474937?
1818474937
What are the prime factors of 377690045?
5, 1531, 49339
What are the prime factors of 58082431?
11, 61, 86561
What are the prime factors of 382800898?
2, 397, 482117
What are the prime factors of 16893472?
2, 527921
What are the prime factors of 60127772?
2, 15031943
What are the prime factors of 27395057?
59, 311, 1493
List the prime factors of 201710710.
2, 5, 20171071
List the prime factors of 16221433.
16221433
List the prime factors of 86589541.
31, 71, 39341
What are the prime factors of 718296162?
2, 3, 241, 496747
What are the prime factors of 856750619?
43, 19924433
List the prime factors of 211100762.
2, 23, 31, 37, 4001
What are the prime factors of 47599920?
2, 3, 5, 22037
List the prime factors of 675662574.
2, 3, 1033, 109013
What are the prime factors of 429892263?
3, 97, 492431
List the prime factors of 89381444.
2, 17, 1314433
What are the prime factors of 674926175?
5, 7, 11, 67, 5233
What are the prime factors of 274244025?
3, 5, 11, 332417
List the prime factors of 705315337.
2089, 337633
What are the prime factors of 16277635?
5, 11, 31, 9547
What are the prime factors of 61325558?
2, 7, 53, 11807
List the prime factors of 668306528.
2, 71, 294149
List the prime factors of 276669095.
5, 43, 1286833
What are the prime factors of 141121034?
2, 37, 1907041
List the prime factors of 527416696.
2, 107, 616141
What are the prime factors of 262711399?
173, 1518563
List the prime factors of 311041249.
79, 1381, 2851
What are the prime factors of 2746519249?
36653, 74933
What are the prime factors of 133715064?
2, 3, 7, 17, 46819
List the prime factors of 358024221.
3, 39780469
What are the prime factors of 3917952610?
2, 5, 11, 13, 101, 27127
What are the prime factors of 898431?
3, 299477
List the prime factors of 974106781.
29, 659, 50971
List the prime factors of 46526930.
2, 5, 23, 202291
List the prime factors of 324612463.
7, 197, 235397
List the prime factors of 163918442.
2, 5431, 15091
What are the prime factors of 47676088?
2, 5959511
List the prime factors of 779022935.
5, 155804587
What are the prime factors of 3484683126?
2, 3, 23, 2805703
What are the prime factors of 2667675396?
2, 3, 199, 1117117
What are the prime factors of 689692295?
5, 17, 647, 12541
What are the prime factors of 1874825456?
2, 7, 19, 43, 2927
What are the prime factors of 3589414090?
2, 5, 358941409
List the prime factors of 256216842.
2, 3, 7, 1423, 1429
What are the prime factors of 401380300?
2, 5, 29, 138407
List the prime factors of 6118453256.
2, 764806657
What are the prime factors of 280060663?
280060663
List the prime factors of 60473078.
2, 79, 347, 1103
What are the prime factors of 203612634?
2, 3, 11311813
What are the prime factors of 141105282?
2, 3, 101, 232847
What are the prime factors of 47190232?
2, 17, 20411
List the prime factors of 3489831644.
2, 13, 67112147
List the prime factors of 3883634844.
2, 3, 10771, 30047
What are the prime factors of 231013962?
2, 3, 53, 103, 2351
List the prime factors of 1727356661.
1727356661
List the prime factors of 1111151534.
2, 47, 167, 70783
What are the prime factors of 11312461?
1493, 7577
What are the prime factors of 49755062?
2, 7, 31, 114643
What are the prime factors of 398945230?
2, 5, 39894523
What are the prime factors of 1184166989?
25759, 45971
What are the prime factors of 81346248?
2, 3, 376603
What are the prime factors of 96114365?
5, 19222873
List the prime factors of 478753733.
1327, 360779
List the prime factors of 493907873.
317, 379, 4111
List the prime factors of 3093525093.
3, 23, 2689, 16673
What are the prime factors of 484748160?
2, 3, 5, 13, 19421
What are the prime factors of 230359187?
59, 389, 10037
What are the prime factors of 55266154?
2, 27633077
List the prime factors of 751978382.
2, 10193, 36887
List the prime factors of 74326739.
29, 88379
List the prime factors of 39428597.
13, 3032969
List the prime factors of 377700909.
3, 67, 1879109
What are the prime factors of 5633385?
3, 5, 375559
List the prime factors of 617924274.
2, 3, 11, 283, 33083
List the prime factors of 121248389.
121248389
What are the prime factors of 50012011?
7, 17, 420269
List the prime factors of 857875801.
439, 1954159
List the prime factors of 78298181.
13, 151, 39887
What are the prime factors of 5005517968?
2, 11, 23, 1236541
List the prime factors of 18604490.
2, 5, 1860449
What are the prime factors of 497927223?
3, 281, 65629
List the prime factors of 1868225864.
2, 179, 1304627
What are the prime factors of 1191268964?
2, 297817241
What are the prime factors of 98104295?
5, 19620859
What are the prime factors of 3274002282?
2, 3, 353, 1545799
List the prime factors of 2961110110.
2, 5, 7, 907, 46639
List the prime factors of 2311984350.
2, 3, 5, 13, 103, 1279
What are the prime factors of 46922813?
7, 211, 31769
List the prime factors of 1439434298.
2, 67, 251, 42797
List the prime factors of 12614398.
2, 1483, 4253
List the prime factors of 76015553.
311, 244423
What are the prime factors of 42491950?
2, 5, 849839
List the prime factors of 87743751.
3, 29247917
List the prime factors of 377235934.
2, 89, 1279, 1657
What are the prime factors of 13774958?
2, 6887479
List the prime factors of 37280184.
2, 3, 17, 91373
List the prime factors of 43687806.
2, 3, 7281301
List the prime factors of 37495462.
2, 18747731
What are the prime factors of 331999153?
331999153
List the prime factors of 492948708.
2, 3, 7, 313, 18749
What are the prime factors of 156187140?
2, 3, 5, 103, 127, 199
List the prime factors of 138988957.
17, 8175821
What are the prime factors of 7150844?
2, 283, 6317
List the prime factors of 2524733254.
2, 16433, 76819
What are the prime factors of 278924928?
2, 3, 726367
List the prime factors of 472417185.
3, 5, 31494479
List the prime factors of 2400805691.
131, 18326761
List the prime factors of 353385721.
13, 27183517
What are the prime factors of 1392952471?
8731, 159541
List the prime factors of 65327124.
2, 3, 17, 179, 1789
List the prime factors of 779580881.
2063, 377887
What are the prime factors of 3042627484?
2, 13, 131, 446657
List the prime factors of 534446830.
2, 5, 1451, 36833
List the prime factors of 749722769.
749722769
List the prime factors of 1027495363.
43, 23895241
What are the prime factors of 304441127?
304441127
List the prime factors of 109481691.
3, 11, 443, 7489
What are the prime factors of 2192717628?
2, 3, 6767647
List the prime factors of 118627818.
2, 3, 19771303
List the prime factors of 22335436.
2, 877, 6367
What are the prime factors of 563113916?
2, 17, 541, 15307
What are the prime factors of 47244547?
7, 17, 397013
What are the prime factors of 1199699844?
2, 3, 7, 14282141
List the prime factors of 953898057.
3, 7, 15141239
List the prime factors of 1353749776.
2, 84609361
What are the prime factors of 1011338395?
5, 11903, 16993
What are the prime factors of 24996463?
29, 861947
List the prime factors of 1070865383.
7, 1277, 119797
List the prime factors of 15100622.
2, 7550311
List the prime factors of 221747275.
5, 151, 58741
List the prime factors of 340841837.
7, 48691691
What are the prime factors of 334595450?
2, 5, 7, 955987
What are the prime factors of 27962150?
2, 5, 559243
What are the prime factors of 6040926268?
2, 13, 17, 2311, 2957
List the prime factors of 365626482.
2, 3, 13, 4687519
What are the prime factors of 26765627?
7, 3823661
List the prime factors of 152287344.
2, 3, 11, 73, 439
What are the prime factors of 258224817?
3, 173, 647, 769
What are the prime factors of 270031010?
2, 5, 3511, 7691
List the prime factors of 4041170178.
2, 3, 673528363
List the prime factors of 1907531069.
8693, 219433
What are the prime factors of 286017799?
197, 1451867
List the prime factors of 995348477.
43, 23147639
List the prime factors of 2394126990.
2, 3, 5, 1259, 7043
What are th